hat is the greatest common divisor of n and 434?
14
Suppose 3*j - 181 = -2*u, j - 10*u - 69 = -15*u. Calculate the highest common divisor of 1 and j.
1
Suppose 38097 = 37*c + 1837. What is the highest common divisor of c and 20?
20
Let q = 337 - 315. What is the greatest common factor of q and 121?
11
Suppose 203 = 3*c - 3*a + a, 0 = -c + 2*a + 65. Let i be (-1)/(4 - c/17). What is the greatest common factor of i and 17?
17
Let t(l) = -l**3 + 5*l**2 + 17*l - 78. Let c be t(4). Calculate the highest common factor of 636 and c.
6
Suppose 0 = -11*u + 1041 - 73. Calculate the highest common factor of 11 and u.
11
Suppose -3*l = 3, 4*l - 75 - 295 = -2*a. Let c(r) = -2*r**3 + 10*r**2 - 3*r - 3. Let x be c(4). What is the highest common factor of a and x?
17
Suppose -5*m + 3*w = -4*m + 5, 4*m = -4*w + 60. Let q be (-28)/(1 - m/6). Let l(p) = 5*p - 4. Let b be l(5). What is the greatest common factor of b and q?
21
Let o(n) = 41*n**2 + 7*n + 12. Let f be o(5). Calculate the greatest common factor of f and 67.
67
Suppose -2 = -4*v - 2*q + 32, v - 21 = 2*q. Calculate the greatest common divisor of 517 and v.
11
Let b be (-2)/(-8) + 25/(-20). Let u be (b - (4 - 2)) + -177. Let g be ((-10)/4)/(10/u). Calculate the greatest common divisor of g and 30.
15
Suppose -5*r + 159 + 1 = 2*y, 0 = y - r - 80. Suppose l - y = -4*l. Calculate the highest common divisor of l and 112.
16
Let i(p) = -100*p - 36. Let z be i(-9). Calculate the highest common divisor of 32 and z.
32
Let j be (-8)/48*3*-220. What is the highest common factor of 80 and j?
10
Let g = -539 + 573. Calculate the highest common factor of 8 and g.
2
Let p = -41 - -59. Suppose -4*o - 3*f + 5*f = -116, 2*o + f = 50. Calculate the highest common divisor of o and p.
9
Suppose -7*o + 3*o + 40 = 0. What is the greatest common divisor of 2 and o?
2
Let t = 107 + -102. Suppose 0 = -t*g + d + 3*d + 22, -g + 5 = -d. Calculate the greatest common divisor of 6 and g.
2
Suppose 0 = -0*j + 4*j - 3*v - 16, -3*j - 5*v = 17. Let i be (j + -4)*(-386)/6. Let x = -128 + i. Calculate the greatest common factor of x and 26.
13
Let c(x) = -x**3 - 10*x**2 + 11*x + 9. Let s be c(-11). Let y = -4 - -22. Calculate the greatest common factor of s and y.
9
Suppose 704 = j + j. Suppose 0*u = 5*u - 160. What is the greatest common factor of u and j?
32
Suppose 7*p - 6*p = 4. Suppose p*n + 3*h = -0*h + 41, h = n - 12. What is the highest common factor of n and 55?
11
Let s(p) = 83*p**3 + 5*p - 4. Let a be s(1). Let o be 2794/99 + 4/(-18). Calculate the highest common divisor of a and o.
28
Suppose 5*w - 155 = -0*i - i, -3*i - 105 = -4*w. What is the highest common divisor of w and 18?
6
Let y(w) = -27*w - 105. Let l be y(-19). What is the highest common factor of 51 and l?
51
Let b(h) = 45*h + 612. Let z be b(-13). Suppose -2*j - 5*y + 27 = 4, 4*j - 37 = -y. Calculate the highest common divisor of z and j.
9
Suppose 0*z + 4*l + 24 = 3*z, -5*l = -3*z + 21. Suppose -4*j + 5*c + 74 = -13, 4*j = 2*c + 78. Calculate the greatest common factor of z and j.
6
Let s = 823 - 807. Calculate the highest common divisor of s and 48.
16
Suppose -4*p - 3 = 9. Let n be (8 - 42)*p/6. Calculate the greatest common divisor of 187 and n.
17
Let s = 10 - 1. Suppose -s*t + 0 = -72. What is the highest common factor of t and 1?
1
Let j be (-88)/(3 + (-6 - (-570)/192)). What is the greatest common divisor of 22 and j?
22
Suppose 2*h = h + 2. Suppose -h*x = -21 - 41. What is the greatest common divisor of x and 124?
31
Let b(r) = 2*r**2 + 24*r**3 - 44*r**3 + r + 3 - 1. Let m be b(-2). What is the highest common divisor of 24 and m?
24
Let b(d) = -d + 1. Let j(m) = -9*m - 1. Let r(g) = -4*b(g) + j(g). Let l be r(-4). What is the highest common factor of l and 5?
5
Let n = 2 + 0. Suppose -5*x + n*b = -20, 2*b + 3*b = -x - 23. Suppose -w - 15 = -x*w. Calculate the highest common factor of 5 and w.
5
Let h be (-2 + -3)/(-5) + 4. Suppose z - h*z - 88 = -5*s, -4*z + 12 = 0. Calculate the greatest common factor of s and 5.
5
Let r(z) = -z**3 - 9*z**2 - 13*z - 16. Let n be r(-8). Let g(k) = 2*k**2 - 5*k + 3. Let b be g(3). Calculate the highest common divisor of b and n.
6
Suppose w + 4*w + 845 = 0. Let t = 108 + w. Let m = -12 - t. Calculate the greatest common factor of 7 and m.
7
Let q(t) = -t**2 + 36*t + 26. Let j be q(13). What is the greatest common factor of 125 and j?
25
Suppose 0 = 2*k + 6*q - 3*q, -3*k + 4*q + 17 = 0. Suppose -5*f - k*n = 15 - 54, 5*n = 4*f - 46. What is the greatest common factor of f and 15?
3
Suppose -n - 3*t + 192 = 0, -2*t + 381 = 2*n + t. What is the greatest common factor of 14 and n?
7
Suppose -456*t + 463*t = 651. What is the greatest common divisor of t and 6?
3
Let g be 4*6/(-9)*(-24 - -3). Calculate the greatest common divisor of 1736 and g.
56
Suppose 9797 = 101*d - 1717. Let t = -28 - -66. Calculate the greatest common factor of t and d.
38
Let d = -35 - -31. Let f be (d/(-6))/((-16)/(-552)). Calculate the highest common factor of f and 138.
23
Let j = -8 - -34. Let d be (-2 + j/4)*(-4)/(-9). Calculate the greatest common divisor of 18 and d.
2
Suppose -20 + 92 = 4*o. Let r = -54 - -63. Let p be 2 + r + 0 - 2. Calculate the greatest common divisor of p and o.
9
Let i = -115 + 64. Let t be (-1598)/i - (-4)/6. Let r = -41 + 49. Calculate the highest common divisor of r and t.
8
Let f = 385 - 328. Calculate the highest common factor of f and 24.
3
Suppose -4*s + 3*b = -s + 498, 5*s - 3*b = -834. Let u be s/(-20)*(3 + 2). Calculate the greatest common divisor of u and 14.
14
Suppose 663 = -4*j - 5*d, -7*j + 4*j - 5*d = 496. Let w = -135 - j. Suppose -5*m - 16 = -96. What is the highest common divisor of m and w?
16
Let l = -1040 - -1180. What is the highest common divisor of l and 224?
28
Let f = -786 + 810. Let v be 1/4 - 190/(-8). What is the highest common divisor of v and f?
24
Suppose m + 4 + 4 = -4*c, 3*c + 12 = 0. Let r be (20/m + -2)*0. Let y be r + (4/2 - -16). Calculate the highest common factor of 2 and y.
2
Suppose -16 = 2*d - 3*u - 134, -4*d = -u - 226. Calculate the greatest common factor of 16 and d.
8
Let x(i) = -i**2 + 6*i - 3. Let t be x(2). Suppose 4*b - 20 = 2*v, -5 = -t*b - 5*v + 5. Calculate the greatest common factor of 6 and b.
2
Suppose -45*s - 214 = -2959. What is the greatest common divisor of 61 and s?
61
Suppose 0*d - 9 = 3*d, -2194 = -4*s - 2*d. Suppose 5*i = -0*i + s. What is the highest common factor of i and 44?
22
Let u be (3 - -3) + 1 - 0. Suppose u*r = 2*r. Suppose 4*a - 9*a + 250 = r. Calculate the highest common factor of 10 and a.
10
Let m be (-2)/3 + 40/6. Let r be m/21 - (-360)/14. Suppose 151*f = 146*f + 65. What is the greatest common factor of r and f?
13
Suppose 0 = -4*v - 3*h + 96, 2*h + 120 = 5*v - 3*h. Let u(z) = -3*z + 6. Let y be u(-6). What is the highest common factor of y and v?
24
Let x = -10 + 23. Calculate the greatest common divisor of x and 65.
13
Let p be -1 - (-84 + 3)/3. Let u(q) = q**3 - 8*q**2. Let k be u(8). Suppose y - 33 - 149 = k. What is the highest common factor of p and y?
26
Let t be (-12)/18 + (-56)/6. Let w be (-15)/25 - 296/t. Calculate the highest common divisor of w and 261.
29
Let z = -231 + 258. What is the greatest common factor of 54 and z?
27
Let m(y) = 10*y**3 - 38*y**2 - 3*y - 2. Let o be m(4). Calculate the highest common divisor of 558 and o.
18
Suppose 3*p = -r + 362, r = -2*p - 153 + 517. What is the greatest common divisor of 46 and r?
46
Let b(u) = 2*u**3 + u**2 - 4*u - 1. Let s be b(-3). Suppose 0 = 47*p + 719 + 1866. Let a = s - p. What is the greatest common factor of a and 7?
7
Let m = 5 - -1. Suppose m*i - 10 = 4*i. Suppose a + 4 = -i*j + 3, 121 = 4*a - 5*j. Calculate the greatest common divisor of a and 216.
24
Suppose 0 = -4*o - o + 105. Let z be (-6 + 6)/((-2)/(-1)). Suppose z = -5*h + 15 - 0. Calculate the greatest common divisor of o and h.
3
Let p be (-35)/(-4) - 2/(-8). Let g = 1952 + -1871. Calculate the highest common divisor of p and g.
9
Suppose 10*b - 594 = -23*b. Calculate the greatest common factor of 42 and b.
6
Suppose 0 = 2*z + 5*a - 135, -4*z + 81 + 244 = -a. What is the greatest common divisor of z and 90?
10
Let p = -7 - -20. Calculate the highest common divisor of p and 91.
13
Suppose 0 = 3*b + 3*s - 15, s = 